{"id":8135,"date":"2023-10-16T10:53:29","date_gmt":"2023-10-16T08:53:29","guid":{"rendered":"https:\/\/www.eures-andalucia-algarve.eu\/?post_type=ufaq&#038;p=8135"},"modified":"2023-10-16T10:53:29","modified_gmt":"2023-10-16T08:53:29","slug":"sistema-politico-administrativo-e-juridico","status":"publish","type":"ufaq","link":"https:\/\/www.eures-andalucia-algarve.eu\/pt-pt\/ufaq\/sistema-politico-administrativo-e-juridico\/","title":{"rendered":"Sistema pol\u00edtico, administrativo e jur\u00eddico"},"content":{"rendered":"<div  class=\"ewd-ufaq-faq-list ewd-ufaq-page-type-distinct\" id='ewd-ufaq-faq-list'>\n\n\t<input type='hidden' name='show_on_load' value='' id='ewd-ufaq-show-on-load' \/>\n<input type='hidden' name='include_category' value='' id='ewd-ufaq-include-category' \/>\n<input type='hidden' name='exclude_category' value='' id='ewd-ufaq-exclude-category' \/>\n<input type='hidden' name='orderby' value='date' id='ewd-ufaq-orderby' \/>\n<input type='hidden' name='order' value='desc' id='ewd-ufaq-order' \/>\n<input type='hidden' name='post_count' value='-1' id='ewd-ufaq-post-count' \/>\n<input type='hidden' name='current_url' value='\/pt-pt\/wp-json\/wp\/v2\/ufaq\/8135' id='ewd-ufaq-current-url' \/>\n\t\n\t\n\t<div class='ewd-ufaq-faqs'>\n\n\t\t<div  class=\"ewd-ufaq-faq-div ewd-ufaq-faq-column-count-one ewd-ufaq-faq-responsive-columns- ewd-ufaq-faq-display-style-default ewd-ufaq-can-be-toggled\" id='ewd-ufaq-post-8135-i4DeDVXAyP' data-post_id='8135'>\n\n\t<div class='ewd-ufaq-faq-title ewd-ufaq-faq-toggle'>\n\t\n\t<a class='ewd-ufaq-post-margin'  href='#'>\n\n\t\t<div class='ewd-ufaq-post-margin-symbol ewd-ufaq-'>\n\t\t\t<span >A<\/span>\n\t\t<\/div>\n\n\t\t<div class='ewd-ufaq-faq-title-text'>\n\n\t\t\t<h4>\n\t\t\t\tSistema pol\u00edtico, administrativo e jur\u00eddico\t\t\t<\/h4>\n\n\t\t<\/div>\n\n\t\t<div class='ewd-ufaq-clear'><\/div>\n\n\t<\/a>\n\t\n<\/div>\n\t\n\t<div class='ewd-ufaq-faq-body ' >\n\n\t\t\n\t\t\t<div class='ewd-ufaq-faq-categories'>\n\t\n\tCategory:\n\t\n\t\tCondiciones de vida en el Algarve\n\t\n<\/div>\n\t\t\n\t\t\t<div class='ewd-ufaq-post-margin ewd-ufaq-faq-post'>\n\t<div class=\"ecl\"><p>Portugal \u00e9 uma rep\u00fablica parlamentar, com um Presidente eleito por sufr\u00e1gio direto e universal, para um mandato de 5 anos.<\/p><p>O Governo, que exerce o poder executivo, \u00e9 formado pelo Conselho de Ministros e chefiado pelo Primeiro-Ministro, sendo este que responde politicamente ao Presidente e ao Parlamento.<\/p><p>O poder legislativo \u00e9 exercido pelo Parlamento. O Parlamento de Portugal \u00e9 constitu\u00eddo por uma \u00fanica C\u00e2mara, designada Assembleia da Rep\u00fablica, composta por 230 deputados eleitos por sufr\u00e1gio universal e direto dos cidad\u00e3os eleitores recenseados no territ\u00f3rio nacional e no estrangeiro &#8211; sendo um dos \u00f3rg\u00e3os de soberania consagrados na Constitui\u00e7\u00e3o, para al\u00e9m do Presidente da Rep\u00fablica, do Governo e dos Tribunais.<\/p><p>Compete \u00e0 Assembleia da Rep\u00fablica assegurar a aprova\u00e7\u00e3o das leis fundamentais da Rep\u00fablica e a vigil\u00e2ncia pelo cumprimento da Constitui\u00e7\u00e3o, das leis e dos atos do Governo e da Administra\u00e7\u00e3o.<\/p><p>Na atual legislatura existem 8 grupos parlamentares, correspondentes aos partidos pol\u00edticos que elegeram deputados nas elei\u00e7\u00f5es legislativas realizadas em 30 de janeiro de 2022: Partido Socialista (PS), Partido Social Democrata (PSD), Partido Chega (CH), Iniciativa Liberal (IL), Partido Comunista Portugu\u00eas (PCP), Bloco de Esquerda (BE), Partido Pessoas-Animais-Natureza (PAN) e \u00a0Livre (L).<\/p><p>Portugal est\u00e1 dividido em 22 distritos eleitorais, 18 no Continente, 1 na Madeira e 3 nos A\u00e7ores. Os A\u00e7ores e a Madeira s\u00e3o regi\u00f5es aut\u00f3nomas, com Assembleias Regionais eleitas diretamente e com poder legislativo, que nomeiam Governos Regionais com poderes executivos importantes.<\/p><p>A fim de elegerem os seus representantes, todos os cidad\u00e3os portugueses residentes em territ\u00f3rio nacional s\u00e3o automaticamente inscritos no recenseamento eleitoral, a t\u00edtulo provis\u00f3rio, logo que perfa\u00e7am os 17 anos, passando a inscri\u00e7\u00e3o a definitiva na data em que completem os 18 anos. O seu registo como eleitor est\u00e1, desde 2019, associado ao documento de identifica\u00e7\u00e3o \/ cart\u00e3o de cidad\u00e3o.<\/p><p>Esta inscri\u00e7\u00e3o \u00e9 volunt\u00e1ria para cidad\u00e3os europeus que residam em Portugal, permitindo-lhes votar nas elei\u00e7\u00f5es aut\u00e1rquicas e nas elei\u00e7\u00f5es para o Parlamento Europeu. A inscri\u00e7\u00e3o \u00e9 feita junto das comiss\u00f5es recenseadoras (nas juntas de freguesia) da sua \u00e1rea de resid\u00eancia. No dia do voto, estes cidad\u00e3os devem fazer-se acompanhar do seu documento (v\u00e1lido) de identifica\u00e7\u00e3o e de comprovativo da sua resid\u00eancia legal em Portugal (Certificado de Registo ou Certificado de Resid\u00eancia Permanente).<\/p><p>A principal fonte de Direito \u00e9 a Constitui\u00e7\u00e3o, sendo os tribunais que administram a justi\u00e7a, caracterizando-se por serem independentes e aut\u00f3nomos. Existem 3 n\u00edveis de tribunais em Portugal, que exercem o poder judicial: os tribunais distritais ou de 1\u00aa inst\u00e2ncia, os tribunais da rela\u00e7\u00e3o ou de 2\u00aa inst\u00e2ncia e o Supremo Tribunal. Os tribunais da rela\u00e7\u00e3o podem, em alguns casos, funcionar tamb\u00e9m como tribunais de 1\u00aa inst\u00e2ncia. A qualquer advogado \u00e9 permitido atuar em qualquer tribunal. Lembre-se que, uma vez em Portugal, ficar\u00e1 sujeito(a) \u00e0s leis portuguesas.<\/p><p>As autoridades policiais podem deter uma pessoa: (i) se existir d\u00favida razo\u00e1vel de que a pessoa em quest\u00e3o est\u00e1 prestes a cometer uma ofensa criminal; (ii) para prevenir futuras a\u00e7\u00f5es criminais; ou (iii) para retir\u00e1-la da presen\u00e7a de outras pessoas. O(a) suspeito(a) que foi detido(a) tem de ser apresentado ao juiz no prazo m\u00e1ximo de 48 horas.<\/p><p>\u00a0<\/p><p><strong><u>Hiperliga\u00e7\u00f5es:<\/u><\/strong><\/p><div class=\"ecl-table-responsive\"><table class=\"ecl-table\"><tbody class=\"ecl-table__body\"><tr class=\"ecl-table__row\"><td><p><strong>T\u00edtulo\/nome<\/strong><\/p><\/td><td><p><strong>URL<\/strong><\/p><\/td><\/tr><tr class=\"ecl-table__row\"><td><p>Portal do Governo<\/p><\/td><td><p><a href=\"https:\/\/www.portugal.gov.pt\/\" class=\"ecl-link--icon ecl-link--icon-after\">https:\/\/www.portugal.gov.pt\/<\/a><\/p><\/td><\/tr><tr class=\"ecl-table__row\"><td><p>Presid\u00eancia da Rep\u00fablica<\/p><\/td><td><p><a href=\"https:\/\/www.presidencia.pt\/\" class=\"ecl-link--icon ecl-link--icon-after\">https:\/\/www.presidencia.pt\/<\/a><\/p><\/td><\/tr><tr class=\"ecl-table__row\"><td><p>Portal Citius (Minist\u00e9rio da Justi\u00e7a \u2013 Tribunais)<\/p><\/td><td><p><a href=\"https:\/\/www.citius.mj.pt\/\" class=\"ecl-link--icon ecl-link--icon-after\">https:\/\/www.citius.mj.pt\/<\/a><\/p><\/td><\/tr><tr class=\"ecl-table__row\"><td><p>Dire\u00e7\u00e3o-Geral da Administra\u00e7\u00e3o Interna \u2013 Administra\u00e7\u00e3o Eleitoral<\/p><\/td><td><p><a href=\"https:\/\/www.sg.mai.gov.pt\/AdministracaoEleitoral\/Paginas\/default.aspx\" class=\"ecl-link--icon ecl-link--icon-after\">https:\/\/www.sg.mai.gov.pt\/AdministracaoEleitoral\/Paginas\/default.aspx<\/a><\/p><\/td><\/tr><tr class=\"ecl-table__row\"><td><p>Assembleia da Rep\u00fablica<\/p><\/td><td><p><a href=\"https:\/\/www.parlamento.pt\/\" class=\"ecl-link--icon ecl-link--icon-after\">https:\/\/www.parlamento.pt\/<\/a><\/p><\/td><\/tr><tr class=\"ecl-table__row\"><td><p>Portal do Eleitor \u2013 perguntas frequentes<\/p><\/td><td><p><a href=\"https:\/\/www.portaldoeleitor.pt\/Paginas\/PerguntasFrequentes.aspx\" class=\"ecl-link--icon ecl-link--icon-after\">https:\/\/www.portaldoeleitor.pt\/Paginas\/PerguntasFrequentes.aspx<\/a><\/p><\/td><\/tr><tr class=\"ecl-table__row\"><td><p>Pol\u00edcia de Seguran\u00e7a P\u00fablica (PSP)<\/p><\/td><td><p><a href=\"https:\/\/www.psp.pt\/\" class=\"ecl-link--icon ecl-link--icon-after\">https:\/\/www.psp.pt\/<\/a><\/p><\/td><\/tr><tr class=\"ecl-table__row\"><td><p>Guarda Nacional Republicana (GNR)<\/p><\/td><td><p><a href=\"https:\/\/www.gnr.pt\/\" class=\"ecl-link--icon ecl-link--icon-after\">https:\/\/www.gnr.pt\/<\/a><\/p><\/td><\/tr><tr class=\"ecl-table__row\"><td><p>Pol\u00edcia Judici\u00e1ria (PJ)<\/p><\/td><td><p><a href=\"https:\/\/www.policiajudiciaria.pt\/\" class=\"ecl-link--icon ecl-link--icon-after\">https:\/\/www.policiajudiciaria.pt\/<\/a><\/p><\/td><\/tr><\/tbody><\/table><\/div><\/div><\/div>\n\t\t\n\t\t\t\n\t\t\n\t\t\t\n\t\t\n\t\t\t\n\t\t\n\t\t\t\n\t\t\n\t\t\t\n\t\t\n\t\t\t\n\t\t\n\t\t\t\n\t\t\n\t\t\t\n\t\t\n\t<\/div>\n\n<\/div>\n\t<\/div>\n\n\t\n<\/div>","protected":false},"excerpt":{"rendered":"<p>A Sistema pol\u00edtico, administrativo e jur\u00eddico Category: Condiciones de vida en el Algarve Portugal \u00e9 uma rep\u00fablica parlamentar, com um Presidente eleito por sufr\u00e1gio direto e universal, para um mandato de 5 anos.O Governo, que exerce o poder executivo, \u00e9 formado pelo Conselho de Ministros e chefiado pelo Primeiro-Ministro, sendo este que responde politicamente ao [&hellip;]<\/p>\n","protected":false},"author":1,"comment_status":"open","ping_status":"closed","template":"","meta":{"om_disable_all_campaigns":false,"inline_featured_image":false,"_monsterinsights_skip_tracking":false,"_monsterinsights_sitenote_active":false,"_monsterinsights_sitenote_note":"","_monsterinsights_sitenote_category":0,"cybocfi_hide_featured_image":"","_links_to":"","_links_to_target":""},"ufaq-category":[141],"ufaq-tag":[],"aioseo_notices":[],"_links":{"self":[{"href":"https:\/\/www.eures-andalucia-algarve.eu\/pt-pt\/wp-json\/wp\/v2\/ufaq\/8135"}],"collection":[{"href":"https:\/\/www.eures-andalucia-algarve.eu\/pt-pt\/wp-json\/wp\/v2\/ufaq"}],"about":[{"href":"https:\/\/www.eures-andalucia-algarve.eu\/pt-pt\/wp-json\/wp\/v2\/types\/ufaq"}],"author":[{"embeddable":true,"href":"https:\/\/www.eures-andalucia-algarve.eu\/pt-pt\/wp-json\/wp\/v2\/users\/1"}],"replies":[{"embeddable":true,"href":"https:\/\/www.eures-andalucia-algarve.eu\/pt-pt\/wp-json\/wp\/v2\/comments?post=8135"}],"version-history":[{"count":1,"href":"https:\/\/www.eures-andalucia-algarve.eu\/pt-pt\/wp-json\/wp\/v2\/ufaq\/8135\/revisions"}],"predecessor-version":[{"id":8136,"href":"https:\/\/www.eures-andalucia-algarve.eu\/pt-pt\/wp-json\/wp\/v2\/ufaq\/8135\/revisions\/8136"}],"wp:attachment":[{"href":"https:\/\/www.eures-andalucia-algarve.eu\/pt-pt\/wp-json\/wp\/v2\/media?parent=8135"}],"wp:term":[{"taxonomy":"ufaq-category","embeddable":true,"href":"https:\/\/www.eures-andalucia-algarve.eu\/pt-pt\/wp-json\/wp\/v2\/ufaq-category?post=8135"},{"taxonomy":"ufaq-tag","embeddable":true,"href":"https:\/\/www.eures-andalucia-algarve.eu\/pt-pt\/wp-json\/wp\/v2\/ufaq-tag?post=8135"}],"curies":[{"name":"wp","href":"https:\/\/api.w.org\/{rel}","templated":true}]}}

Sistema político, administrativo e jurídico

<div  class="ewd-ufaq-faq-list ewd-ufaq-page-type-distinct" id='ewd-ufaq-faq-list'>

	<input type='hidden' name='show_on_load' value='' id='ewd-ufaq-show-on-load' />
<input type='hidden' name='include_category' value='' id='ewd-ufaq-include-category' />
<input type='hidden' name='exclude_category' value='' id='ewd-ufaq-exclude-category' />
<input type='hidden' name='orderby' value='date' id='ewd-ufaq-orderby' />
<input type='hidden' name='order' value='desc' id='ewd-ufaq-order' />
<input type='hidden' name='post_count' value='-1' id='ewd-ufaq-post-count' />
<input type='hidden' name='current_url' value='/pt-pt/wp-json/wp/v2/ufaq/8135' id='ewd-ufaq-current-url' />
	
	
	<div class='ewd-ufaq-faqs'>

		<div  class="ewd-ufaq-faq-div ewd-ufaq-faq-column-count-one ewd-ufaq-faq-responsive-columns- ewd-ufaq-faq-display-style-default ewd-ufaq-can-be-toggled" id='ewd-ufaq-post-8135-i4DeDVXAyP' data-post_id='8135'>

	<div class='ewd-ufaq-faq-title ewd-ufaq-faq-toggle'>
	
	<a class='ewd-ufaq-post-margin'  href='#'>

		<div class='ewd-ufaq-post-margin-symbol ewd-ufaq-'>
			<span >A</span>
		</div>

		<div class='ewd-ufaq-faq-title-text'>

			<h4>
				Sistema político, administrativo e jurídico			</h4>

		</div>

		<div class='ewd-ufaq-clear'></div>

	</a>
	
</div>
	
	<div class='ewd-ufaq-faq-body ' >

		
			<div class='ewd-ufaq-faq-categories'>
	
	Category:
	
		Condiciones de vida en el Algarve
	
</div>
		
			<div class='ewd-ufaq-post-margin ewd-ufaq-faq-post'>
	<div class="ecl"><p>Portugal é uma república parlamentar, com um Presidente eleito por sufrágio direto e universal, para um mandato de 5 anos.</p><p>O Governo, que exerce o poder executivo, é formado pelo Conselho de Ministros e chefiado pelo Primeiro-Ministro, sendo este que responde politicamente ao Presidente e ao Parlamento.</p><p>O poder legislativo é exercido pelo Parlamento. O Parlamento de Portugal é constituído por uma única Câmara, designada Assembleia da República, composta por 230 deputados eleitos por sufrágio universal e direto dos cidadãos eleitores recenseados no território nacional e no estrangeiro &#8211; sendo um dos órgãos de soberania consagrados na Constituição, para além do Presidente da República, do Governo e dos Tribunais.</p><p>Compete à Assembleia da República assegurar a aprovação das leis fundamentais da República e a vigilância pelo cumprimento da Constituição, das leis e dos atos do Governo e da Administração.</p><p>Na atual legislatura existem 8 grupos parlamentares, correspondentes aos partidos políticos que elegeram deputados nas eleições legislativas realizadas em 30 de janeiro de 2022: Partido Socialista (PS), Partido Social Democrata (PSD), Partido Chega (CH), Iniciativa Liberal (IL), Partido Comunista Português (PCP), Bloco de Esquerda (BE), Partido Pessoas-Animais-Natureza (PAN) e  Livre (L).</p><p>Portugal está dividido em 22 distritos eleitorais, 18 no Continente, 1 na Madeira e 3 nos Açores. Os Açores e a Madeira são regiões autónomas, com Assembleias Regionais eleitas diretamente e com poder legislativo, que nomeiam Governos Regionais com poderes executivos importantes.</p><p>A fim de elegerem os seus representantes, todos os cidadãos portugueses residentes em território nacional são automaticamente inscritos no recenseamento eleitoral, a título provisório, logo que perfaçam os 17 anos, passando a inscrição a definitiva na data em que completem os 18 anos. O seu registo como eleitor está, desde 2019, associado ao documento de identificação / cartão de cidadão.</p><p>Esta inscrição é voluntária para cidadãos europeus que residam em Portugal, permitindo-lhes votar nas eleições autárquicas e nas eleições para o Parlamento Europeu. A inscrição é feita junto das comissões recenseadoras (nas juntas de freguesia) da sua área de residência. No dia do voto, estes cidadãos devem fazer-se acompanhar do seu documento (válido) de identificação e de comprovativo da sua residência legal em Portugal (Certificado de Registo ou Certificado de Residência Permanente).</p><p>A principal fonte de Direito é a Constituição, sendo os tribunais que administram a justiça, caracterizando-se por serem independentes e autónomos. Existem 3 níveis de tribunais em Portugal, que exercem o poder judicial: os tribunais distritais ou de 1ª instância, os tribunais da relação ou de 2ª instância e o Supremo Tribunal. Os tribunais da relação podem, em alguns casos, funcionar também como tribunais de 1ª instância. A qualquer advogado é permitido atuar em qualquer tribunal. Lembre-se que, uma vez em Portugal, ficará sujeito(a) às leis portuguesas.</p><p>As autoridades policiais podem deter uma pessoa: (i) se existir dúvida razoável de que a pessoa em questão está prestes a cometer uma ofensa criminal; (ii) para prevenir futuras ações criminais; ou (iii) para retirá-la da presença de outras pessoas. O(a) suspeito(a) que foi detido(a) tem de ser apresentado ao juiz no prazo máximo de 48 horas.</p><p> </p><p><strong><u>Hiperligações:</u></strong></p><div class="ecl-table-responsive"><table class="ecl-table"><tbody class="ecl-table__body"><tr class="ecl-table__row"><td><p><strong>Título/nome</strong></p></td><td><p><strong>URL</strong></p></td></tr><tr class="ecl-table__row"><td><p>Portal do Governo</p></td><td><p><a href="https://www.portugal.gov.pt/" class="ecl-link--icon ecl-link--icon-after">https://www.portugal.gov.pt/</a></p></td></tr><tr class="ecl-table__row"><td><p>Presidência da República</p></td><td><p><a href="https://www.presidencia.pt/" class="ecl-link--icon ecl-link--icon-after">https://www.presidencia.pt/</a></p></td></tr><tr class="ecl-table__row"><td><p>Portal Citius (Ministério da Justiça – Tribunais)</p></td><td><p><a href="https://www.citius.mj.pt/" class="ecl-link--icon ecl-link--icon-after">https://www.citius.mj.pt/</a></p></td></tr><tr class="ecl-table__row"><td><p>Direção-Geral da Administração Interna – Administração Eleitoral</p></td><td><p><a href="https://www.sg.mai.gov.pt/AdministracaoEleitoral/Paginas/default.aspx" class="ecl-link--icon ecl-link--icon-after">https://www.sg.mai.gov.pt/AdministracaoEleitoral/Paginas/default.aspx</a></p></td></tr><tr class="ecl-table__row"><td><p>Assembleia da República</p></td><td><p><a href="https://www.parlamento.pt/" class="ecl-link--icon ecl-link--icon-after">https://www.parlamento.pt/</a></p></td></tr><tr class="ecl-table__row"><td><p>Portal do Eleitor – perguntas frequentes</p></td><td><p><a href="https://www.portaldoeleitor.pt/Paginas/PerguntasFrequentes.aspx" class="ecl-link--icon ecl-link--icon-after">https://www.portaldoeleitor.pt/Paginas/PerguntasFrequentes.aspx</a></p></td></tr><tr class="ecl-table__row"><td><p>Polícia de Segurança Pública (PSP)</p></td><td><p><a href="https://www.psp.pt/" class="ecl-link--icon ecl-link--icon-after">https://www.psp.pt/</a></p></td></tr><tr class="ecl-table__row"><td><p>Guarda Nacional Republicana (GNR)</p></td><td><p><a href="https://www.gnr.pt/" class="ecl-link--icon ecl-link--icon-after">https://www.gnr.pt/</a></p></td></tr><tr class="ecl-table__row"><td><p>Polícia Judiciária (PJ)</p></td><td><p><a href="https://www.policiajudiciaria.pt/" class="ecl-link--icon ecl-link--icon-after">https://www.policiajudiciaria.pt/</a></p></td></tr></tbody></table></div></div></div>
		
			
		
			
		
			
		
			
		
			
		
			
		
			
		
			
		
	</div>

</div>
	</div>

	
</div>

<p>A Sistema político, administrativo e jurídico Category: Condiciones de vida en el Algarve Portugal é uma república parlamentar, com um Presidente eleito por sufrágio direto e universal, para um mandato de 5 anos.O Governo, que exerce o poder executivo, é formado pelo Conselho de Ministros e chefiado pelo Primeiro-Ministro, sendo este que responde politicamente ao [&hellip;]</p>
