{"id":14502,"date":"2023-08-09T14:49:39","date_gmt":"2023-08-09T12:49:39","guid":{"rendered":"https:\/\/www.eures-andalucia-algarve.eu\/ufaq\/resido-em-portugal-e-trabalho-por-conta-doutrem-na-andaluzia-para-onde-me-desloco-diariamente-se-nao-posso-trabalhar-devido-a-uma-doenca-profissional-como-se-processa-a-minha-baixa-medica-obrigaco\/"},"modified":"2023-11-20T17:20:49","modified_gmt":"2023-11-20T16:20:49","slug":"resido-em-portugal-e-trabalho-por-conta-doutrem-na-andaluzia-para-onde-me-desloco-diariamente-se-nao-posso-trabalhar-devido-a-uma-doenca-profissional-como-se-processa-a-minha-baixa-medica-obrigaco","status":"publish","type":"ufaq","link":"https:\/\/www.eures-andalucia-algarve.eu\/pt-pt\/ufaq\/resido-em-portugal-e-trabalho-por-conta-doutrem-na-andaluzia-para-onde-me-desloco-diariamente-se-nao-posso-trabalhar-devido-a-uma-doenca-profissional-como-se-processa-a-minha-baixa-medica-obrigaco\/","title":{"rendered":"Resido em Portugal e trabalho por conta doutrem na Andaluzia, para onde me desloco diariamente. Se n\u00e3o posso trabalhar devido a uma doen\u00e7a profissional, como se processa a minha baixa m\u00e9dica? Obriga\u00e7\u00f5es das Seguradoras"},"content":{"rendered":"<div  class=\"ewd-ufaq-faq-list ewd-ufaq-page-type-distinct\" id='ewd-ufaq-faq-list'>\n\n\t<input type='hidden' name='show_on_load' value='' id='ewd-ufaq-show-on-load' \/>\n<input type='hidden' name='include_category' value='' id='ewd-ufaq-include-category' \/>\n<input type='hidden' name='exclude_category' value='' id='ewd-ufaq-exclude-category' \/>\n<input type='hidden' name='orderby' value='date' id='ewd-ufaq-orderby' \/>\n<input type='hidden' name='order' value='desc' id='ewd-ufaq-order' \/>\n<input type='hidden' name='post_count' value='-1' id='ewd-ufaq-post-count' \/>\n<input type='hidden' name='current_url' value='\/pt-pt\/wp-json\/wp\/v2\/ufaq\/14502' id='ewd-ufaq-current-url' \/>\n\t\n\t\n\t<div class='ewd-ufaq-faqs'>\n\n\t\t<div  class=\"ewd-ufaq-faq-div ewd-ufaq-faq-column-count-one ewd-ufaq-faq-responsive-columns- ewd-ufaq-faq-display-style-default ewd-ufaq-can-be-toggled\" id='ewd-ufaq-post-14502-anAAaiTdKL' data-post_id='14502'>\n\n\t<div class='ewd-ufaq-faq-title ewd-ufaq-faq-toggle'>\n\t\n\t<a class='ewd-ufaq-post-margin'  href='#'>\n\n\t\t<div class='ewd-ufaq-post-margin-symbol ewd-ufaq-'>\n\t\t\t<span >A<\/span>\n\t\t<\/div>\n\n\t\t<div class='ewd-ufaq-faq-title-text'>\n\n\t\t\t<h4>\n\t\t\t\tResido em Portugal e trabalho por conta doutrem na Andaluzia, para onde me desloco diariamente. Se n\u00e3o posso trabalhar devido a uma doen\u00e7a profissional, como se processa a minha baixa m\u00e9dica? Obriga\u00e7\u00f5es das Seguradoras\t\t\t<\/h4>\n\n\t\t<\/div>\n\n\t\t<div class='ewd-ufaq-clear'><\/div>\n\n\t<\/a>\n\t\n<\/div>\n\t\n\t<div class='ewd-ufaq-faq-body ' >\n\n\t\t\n\t\t\t<div class='ewd-ufaq-faq-categories'>\n\t\n\tCategory:\n\t\n\t\tPrestaciones SS Andaluc\u00eda\n\t\n<\/div>\n\t\t\n\t\t\t<div class='ewd-ufaq-post-margin ewd-ufaq-faq-post'>\n\t\t\t<div data-elementor-type=\"wp-post\" data-elementor-id=\"14502\" class=\"elementor elementor-14502 elementor-3399\">\n\t\t\t\t<div class=\"elementor-element elementor-element-be1b883 e-flex e-con-boxed wpr-particle-no wpr-jarallax-no wpr-parallax-no wpr-sticky-section-no e-con e-parent\" data-id=\"be1b883\" data-element_type=\"container\" data-settings=\"{&quot;content_width&quot;:&quot;boxed&quot;}\" data-core-v316-plus=\"true\">\n\t\t\t\t\t<div class=\"e-con-inner\">\n\t\t\t\t<div class=\"elementor-element elementor-element-4896b740 elementor-widget elementor-widget-text-editor\" data-id=\"4896b740\" data-element_type=\"widget\" data-widget_type=\"text-editor.default\">\n\t\t\t\t<div class=\"elementor-widget-container\">\n\t\t\t\t\t\t\t<div class=\"et_pb_toggle_content clearfix\">\n<div class=\"et_pb_toggle_content clearfix\">\n<p>Em Portugal, o trabalhador dever\u00e1 ir ao m\u00e9dico atribu\u00eddo e apresentar o formul\u00e1rio S1, e o m\u00e9dico proceder\u00e1 a emitir os correspondentes atestados de baixa, confirma\u00e7\u00e3o de baixa e alta.<\/p>\n<\/p>\n<p>Desta forma, a entidade gestora ou a seguradora de acidentes de trabalho e doen\u00e7as profissionais emitir\u00e3o um atestado da doen\u00e7a segundo os diagn\u00f3sticos e relat\u00f3rios m\u00e9dicos correspondentes.<\/p>\n<\/p>\n<p>De acordo com o art. 34 do Regulamento CE n\u00ba 987\/2009, quando a doen\u00e7a profissional seja diagnosticada pela primeira vez, num Estado membro diferente do Estado membro competente, neste caso Portugal, a declara\u00e7\u00e3o ou notifica\u00e7\u00e3o da doen\u00e7a profissional dever\u00e1 ser realizada seguindo a legisla\u00e7\u00e3o espanhola.<\/p>\n<\/p>\n<p>As presta\u00e7\u00f5es e indemniza\u00e7\u00f5es \u00e0s que poderia ter direito o trabalhador ser\u00e3o pagas e calculadas em fun\u00e7\u00e3o da legisla\u00e7\u00e3o da Seguran\u00e7a Social espanhola.<\/p>\n<\/p>\n<p>Portanto, o trabalhador poder\u00e1 ir tanto ao centro de sa\u00fade correspondente em Espanha ou em Portugal e solicitar documento comprovativo da baixa para ter direito \u00e0s presta\u00e7\u00f5es por incapacidade tempor\u00e1ria.<\/p>\n<\/p>\n<p>Em Espanha, dever\u00e1 ir \u00e0 correspondente seguradora, que proceder\u00e1, quer seja com a baixa do trabalhador, quer com as presta\u00e7\u00f5es e indemniza\u00e7\u00f5es \u00e0s que poderia ter direito o trabalhador.<\/p>\n<\/p>\n<p>Em Portugal, o pedido ser\u00e1 feito no Servi\u00e7o Nacional de Sa\u00fade<em> (SNS)<\/em> ou Centro de Sa\u00fade que corresponda ao trabalhador, devendo apresentar o formul\u00e1rio D.A.1 <em>(antigo E-123)<\/em>emitido pela Seguran\u00e7a Social espanhola, que certifica o direito a receber tratamento m\u00e9dico com condi\u00e7\u00f5es especiais reservadas aos acidentes de trabalho ou \u00e0s doen\u00e7as profissionais noutro pa\u00eds da UE. No referido formul\u00e1rio constar\u00e1 a seguradora do pa\u00eds respons\u00e1vel. Os m\u00e9dicos do Servi\u00e7o Nacional de Sa\u00fade (SNS) e o Centro de Sa\u00fade emitir\u00e3o um documento comprovativo da doen\u00e7a segundo os diagn\u00f3sticos e relat\u00f3rios m\u00e9dicos correspondentes.<\/p>\n<\/p>\n<p>Uma vez obtido o documento comprovativo da baixa, o trabalhador dever\u00e1 entreg\u00e1-lo na correspondente institui\u00e7\u00e3o da Seguran\u00e7a Social em Portugal, que tratar\u00e1 da baixa atrav\u00e9s do formul\u00e1rio E-116 e o remeter\u00e1 para o Instituto Nacional de la Seguridad Social <em>(INSS)<\/em> espanhol e este, se for o caso, para a correspondente seguradora, funcionando como mecanismo de liga\u00e7\u00e3o entre os dois pa\u00edses.<\/p>\n<\/div>\n<\/div><\/p>\n\t\t\t\t\t\t<\/div>\n\t\t\t\t<\/div>\n\t\t\t\t\t<\/div>\n\t\t\t\t<\/div>\n\t\t\t\t<\/div>\n\t\t<\/div>\n\t\t\n\t\t\t\n\t\t\n\t\t\t\n\t\t\n\t\t\t\n\t\t\n\t\t\t\n\t\t\n\t\t\t\n\t\t\n\t\t\t\n\t\t\n\t\t\t\n\t\t\n\t\t\t\n\t\t\n\t<\/div>\n\n<\/div>\n\t<\/div>\n\n\t\n<\/div>","protected":false},"excerpt":{"rendered":"<p>A Resido em Portugal e trabalho por conta doutrem na Andaluzia, para onde me desloco diariamente. Se n\u00e3o posso trabalhar devido a uma doen\u00e7a profissional, como se processa a minha baixa m\u00e9dica? Obriga\u00e7\u00f5es das Seguradoras Category: Prestaciones SS Andaluc\u00eda Em Portugal, o trabalhador dever\u00e1 ir ao m\u00e9dico atribu\u00eddo e apresentar o formul\u00e1rio S1, e o [&hellip;]<\/p>\n","protected":false},"author":1,"comment_status":"open","ping_status":"closed","template":"","meta":{"om_disable_all_campaigns":false,"inline_featured_image":false,"_monsterinsights_skip_tracking":false,"_monsterinsights_sitenote_active":false,"_monsterinsights_sitenote_note":"","_monsterinsights_sitenote_category":0,"cybocfi_hide_featured_image":"","_links_to":"","_links_to_target":""},"ufaq-category":[51],"ufaq-tag":[],"aioseo_notices":[],"_links":{"self":[{"href":"https:\/\/www.eures-andalucia-algarve.eu\/pt-pt\/wp-json\/wp\/v2\/ufaq\/14502"}],"collection":[{"href":"https:\/\/www.eures-andalucia-algarve.eu\/pt-pt\/wp-json\/wp\/v2\/ufaq"}],"about":[{"href":"https:\/\/www.eures-andalucia-algarve.eu\/pt-pt\/wp-json\/wp\/v2\/types\/ufaq"}],"author":[{"embeddable":true,"href":"https:\/\/www.eures-andalucia-algarve.eu\/pt-pt\/wp-json\/wp\/v2\/users\/1"}],"replies":[{"embeddable":true,"href":"https:\/\/www.eures-andalucia-algarve.eu\/pt-pt\/wp-json\/wp\/v2\/comments?post=14502"}],"version-history":[{"count":1,"href":"https:\/\/www.eures-andalucia-algarve.eu\/pt-pt\/wp-json\/wp\/v2\/ufaq\/14502\/revisions"}],"predecessor-version":[{"id":14503,"href":"https:\/\/www.eures-andalucia-algarve.eu\/pt-pt\/wp-json\/wp\/v2\/ufaq\/14502\/revisions\/14503"}],"wp:attachment":[{"href":"https:\/\/www.eures-andalucia-algarve.eu\/pt-pt\/wp-json\/wp\/v2\/media?parent=14502"}],"wp:term":[{"taxonomy":"ufaq-category","embeddable":true,"href":"https:\/\/www.eures-andalucia-algarve.eu\/pt-pt\/wp-json\/wp\/v2\/ufaq-category?post=14502"},{"taxonomy":"ufaq-tag","embeddable":true,"href":"https:\/\/www.eures-andalucia-algarve.eu\/pt-pt\/wp-json\/wp\/v2\/ufaq-tag?post=14502"}],"curies":[{"name":"wp","href":"https:\/\/api.w.org\/{rel}","templated":true}]}}

Resido em Portugal e trabalho por conta doutrem na Andaluzia, para onde me desloco diariamente. Se não posso trabalhar devido a uma doença profissional, como se processa a minha baixa médica? Obrigações das Seguradoras

<div  class="ewd-ufaq-faq-list ewd-ufaq-page-type-distinct" id='ewd-ufaq-faq-list'>

	<input type='hidden' name='show_on_load' value='' id='ewd-ufaq-show-on-load' />
<input type='hidden' name='include_category' value='' id='ewd-ufaq-include-category' />
<input type='hidden' name='exclude_category' value='' id='ewd-ufaq-exclude-category' />
<input type='hidden' name='orderby' value='date' id='ewd-ufaq-orderby' />
<input type='hidden' name='order' value='desc' id='ewd-ufaq-order' />
<input type='hidden' name='post_count' value='-1' id='ewd-ufaq-post-count' />
<input type='hidden' name='current_url' value='/pt-pt/wp-json/wp/v2/ufaq/14502' id='ewd-ufaq-current-url' />
	
	
	<div class='ewd-ufaq-faqs'>

		<div  class="ewd-ufaq-faq-div ewd-ufaq-faq-column-count-one ewd-ufaq-faq-responsive-columns- ewd-ufaq-faq-display-style-default ewd-ufaq-can-be-toggled" id='ewd-ufaq-post-14502-anAAaiTdKL' data-post_id='14502'>

	<div class='ewd-ufaq-faq-title ewd-ufaq-faq-toggle'>
	
	<a class='ewd-ufaq-post-margin'  href='#'>

		<div class='ewd-ufaq-post-margin-symbol ewd-ufaq-'>
			<span >A</span>
		</div>

		<div class='ewd-ufaq-faq-title-text'>

			<h4>
				Resido em Portugal e trabalho por conta doutrem na Andaluzia, para onde me desloco diariamente. Se não posso trabalhar devido a uma doença profissional, como se processa a minha baixa médica? Obrigações das Seguradoras			</h4>

		</div>

		<div class='ewd-ufaq-clear'></div>

	</a>
	
</div>
	
	<div class='ewd-ufaq-faq-body ' >

		
			<div class='ewd-ufaq-faq-categories'>
	
	Category:
	
		Prestaciones SS Andalucía
	
</div>
		
			<div class='ewd-ufaq-post-margin ewd-ufaq-faq-post'>
			<div data-elementor-type="wp-post" data-elementor-id="14502" class="elementor elementor-14502 elementor-3399">
				<div class="elementor-element elementor-element-be1b883 e-flex e-con-boxed wpr-particle-no wpr-jarallax-no wpr-parallax-no wpr-sticky-section-no e-con e-parent" data-id="be1b883" data-element_type="container" data-settings="{&quot;content_width&quot;:&quot;boxed&quot;}" data-core-v316-plus="true">
					<div class="e-con-inner">
				<div class="elementor-element elementor-element-4896b740 elementor-widget elementor-widget-text-editor" data-id="4896b740" data-element_type="widget" data-widget_type="text-editor.default">
				<div class="elementor-widget-container">
							<div class="et_pb_toggle_content clearfix">
<div class="et_pb_toggle_content clearfix">
<p>Em Portugal, o trabalhador deverá ir ao médico atribuído e apresentar o formulário S1, e o médico procederá a emitir os correspondentes atestados de baixa, confirmação de baixa e alta.</p>
</p>
<p>Desta forma, a entidade gestora ou a seguradora de acidentes de trabalho e doenças profissionais emitirão um atestado da doença segundo os diagnósticos e relatórios médicos correspondentes.</p>
</p>
<p>De acordo com o art. 34 do Regulamento CE nº 987/2009, quando a doença profissional seja diagnosticada pela primeira vez, num Estado membro diferente do Estado membro competente, neste caso Portugal, a declaração ou notificação da doença profissional deverá ser realizada seguindo a legislação espanhola.</p>
</p>
<p>As prestações e indemnizações às que poderia ter direito o trabalhador serão pagas e calculadas em função da legislação da Segurança Social espanhola.</p>
</p>
<p>Portanto, o trabalhador poderá ir tanto ao centro de saúde correspondente em Espanha ou em Portugal e solicitar documento comprovativo da baixa para ter direito às prestações por incapacidade temporária.</p>
</p>
<p>Em Espanha, deverá ir à correspondente seguradora, que procederá, quer seja com a baixa do trabalhador, quer com as prestações e indemnizações às que poderia ter direito o trabalhador.</p>
</p>
<p>Em Portugal, o pedido será feito no Serviço Nacional de Saúde<em> (SNS)</em> ou Centro de Saúde que corresponda ao trabalhador, devendo apresentar o formulário D.A.1 <em>(antigo E-123)</em>emitido pela Segurança Social espanhola, que certifica o direito a receber tratamento médico com condições especiais reservadas aos acidentes de trabalho ou às doenças profissionais noutro país da UE. No referido formulário constará a seguradora do país responsável. Os médicos do Serviço Nacional de Saúde (SNS) e o Centro de Saúde emitirão um documento comprovativo da doença segundo os diagnósticos e relatórios médicos correspondentes.</p>
</p>
<p>Uma vez obtido o documento comprovativo da baixa, o trabalhador deverá entregá-lo na correspondente instituição da Segurança Social em Portugal, que tratará da baixa através do formulário E-116 e o remeterá para o Instituto Nacional de la Seguridad Social <em>(INSS)</em> espanhol e este, se for o caso, para a correspondente seguradora, funcionando como mecanismo de ligação entre os dois países.</p>
</div>
</div></p>
						</div>
				</div>
					</div>
				</div>
				</div>
		</div>
		
			
		
			
		
			
		
			
		
			
		
			
		
			
		
			
		
	</div>

</div>
	</div>

	
</div>

<p>A Resido em Portugal e trabalho por conta doutrem na Andaluzia, para onde me desloco diariamente. Se não posso trabalhar devido a uma doença profissional, como se processa a minha baixa médica? Obrigações das Seguradoras Category: Prestaciones SS Andalucía Em Portugal, o trabalhador deverá ir ao médico atribuído e apresentar o formulário S1, e o [&hellip;]</p>
