{"id":14252,"date":"2023-10-13T16:05:19","date_gmt":"2023-10-13T14:05:19","guid":{"rendered":"https:\/\/www.eures-andalucia-algarve.eu\/ufaq\/cessacao-de-funcoes\/"},"modified":"2023-11-20T11:34:55","modified_gmt":"2023-11-20T10:34:55","slug":"cessacao-de-funcoes","status":"publish","type":"ufaq","link":"https:\/\/www.eures-andalucia-algarve.eu\/pt-pt\/ufaq\/cessacao-de-funcoes\/","title":{"rendered":"Cessa\u00e7\u00e3o de fun\u00e7\u00f5es"},"content":{"rendered":"<div  class=\"ewd-ufaq-faq-list ewd-ufaq-page-type-distinct\" id='ewd-ufaq-faq-list'>\n\n\t<input type='hidden' name='show_on_load' value='' id='ewd-ufaq-show-on-load' \/>\n<input type='hidden' name='include_category' value='' id='ewd-ufaq-include-category' \/>\n<input type='hidden' name='exclude_category' value='' id='ewd-ufaq-exclude-category' \/>\n<input type='hidden' name='orderby' value='date' id='ewd-ufaq-orderby' \/>\n<input type='hidden' name='order' value='desc' id='ewd-ufaq-order' \/>\n<input type='hidden' name='post_count' value='-1' id='ewd-ufaq-post-count' \/>\n<input type='hidden' name='current_url' value='\/pt-pt\/wp-json\/wp\/v2\/ufaq\/14252' id='ewd-ufaq-current-url' \/>\n\t\n\t\n\t<div class='ewd-ufaq-faqs'>\n\n\t\t<div  class=\"ewd-ufaq-faq-div ewd-ufaq-faq-column-count-one ewd-ufaq-faq-responsive-columns- ewd-ufaq-faq-display-style-default ewd-ufaq-can-be-toggled\" id='ewd-ufaq-post-14252-712AFreHaF' data-post_id='14252'>\n\n\t<div class='ewd-ufaq-faq-title ewd-ufaq-faq-toggle'>\n\t\n\t<a class='ewd-ufaq-post-margin'  href='#'>\n\n\t\t<div class='ewd-ufaq-post-margin-symbol ewd-ufaq-'>\n\t\t\t<span >A<\/span>\n\t\t<\/div>\n\n\t\t<div class='ewd-ufaq-faq-title-text'>\n\n\t\t\t<h4>\n\t\t\t\tCessa\u00e7\u00e3o de fun\u00e7\u00f5es\t\t\t<\/h4>\n\n\t\t<\/div>\n\n\t\t<div class='ewd-ufaq-clear'><\/div>\n\n\t<\/a>\n\t\n<\/div>\n\t\n\t<div class='ewd-ufaq-faq-body ' >\n\n\t\t\n\t\t\t<div class='ewd-ufaq-faq-categories'>\n\t\n\tCategory:\n\t\n\t\tCondiciones de trabajo en el Algarve\n\t\n<\/div>\n\t\t\n\t\t\t<div class='ewd-ufaq-post-margin ewd-ufaq-faq-post'>\n\t\t\t<div data-elementor-type=\"wp-post\" data-elementor-id=\"14252\" class=\"elementor elementor-14252 elementor-8078\">\n\t\t\t\t<div class=\"elementor-element elementor-element-585ca813 e-flex e-con-boxed wpr-particle-no wpr-jarallax-no wpr-parallax-no wpr-sticky-section-no e-con e-parent\" data-id=\"585ca813\" data-element_type=\"container\" data-settings=\"{&quot;content_width&quot;:&quot;boxed&quot;}\" data-core-v316-plus=\"true\">\n\t\t\t\t\t<div class=\"e-con-inner\">\n\t\t\t\t<div class=\"elementor-element elementor-element-7051b586 elementor-widget elementor-widget-text-editor\" data-id=\"7051b586\" data-element_type=\"widget\" data-widget_type=\"text-editor.default\">\n\t\t\t\t<div class=\"elementor-widget-container\">\n\t\t\t\t\t\t\t<div class=\"ecl\">\n<p>O contrato de trabalho pode terminar por caducidade (nomeadamente no final do contrato a termo e nas situa\u00e7\u00f5es previstas na lei), por iniciativa do empregador ou por iniciativa do trabalhador, e ainda por m\u00fatuo acordo entre as partes. . Quando cessa o contrato de trabalho, o empregador \u00e9 obrigado a entregar ao trabalhador um certificado de trabalho, indicando as datas de admiss\u00e3o e de sa\u00edda e fun\u00e7\u00f5es desempenhadas, bem como outros documentos destinados a fins oficiais, designadamente para a Seguran\u00e7a Social.<\/p>\n<\/p>\n<p><strong>Cessa\u00e7\u00e3o por iniciativa do trabalhador:<\/strong> O trabalhador pode promover a resolu\u00e7\u00e3o do contrato com justa causa com fundamento em falta culposa, por parte do empregador, de pagamento pontual da retribui\u00e7\u00e3o; falta culposa de condi\u00e7\u00f5es de seguran\u00e7a, higiene e sa\u00fade no trabalho; les\u00e3o grave dos seus interesses patrimoniais; ou ofensas \u00e0 sua integridade f\u00edsica, moral, \u00e0 liberdade, honra e dignidade. O trabalhador pode denunciar o contrato, independentemente da exist\u00eancia de justa causa, mediante comunica\u00e7\u00e3o escrita ao empregador com a anteced\u00eancia m\u00ednima de 30 ou 60 dias, conforme tenha, respetivamente, at\u00e9 2 anos ou mais de 2 anos de antiguidade. Em caso de contrato a termo, a den\u00fancia do contrato deve ser efetuada at\u00e9 30 ou 15 dias, consoante a dura\u00e7\u00e3o seja de pelo menos 6 meses ou inferior. Existem ainda prazos diferentes de aviso pr\u00e9vio, definidos em fun\u00e7\u00e3o do tipo de contrato de trabalho envolvido.<\/p>\n<\/p>\n<p><strong>Cessa\u00e7\u00e3o por iniciativa do empregador:<\/strong><\/p>\n<ul style=\"margin-left: 40px\">\n<li><strong>Despedimento por justa causa<\/strong>, em resultado de comportamento culposo do trabalhador, de acordo com as situa\u00e7\u00f5es descritas na legisla\u00e7\u00e3o do trabalho<\/li>\n<li><strong>Despedimento coletivo<\/strong>: cessa\u00e7\u00e3o de contratos de trabalho operada em simult\u00e2neo ou sucessivamente no per\u00edodo de 3 meses, abrangendo um conjunto de trabalhadores (pelo menos 2 a 5 trabalhadores, em fun\u00e7\u00e3o da dimens\u00e3o da empresa), motivada por raz\u00f5es objetivas, designadamente o encerramento de uma ou v\u00e1rias sec\u00e7\u00f5es ou redu\u00e7\u00e3o de pessoal por motivos de mercado, estruturais ou tecnol\u00f3gicos.<\/li>\n<li><strong>Despedimento por extin\u00e7\u00e3o do posto de trabalho<\/strong>, justificada por motivos econ\u00f3micos, tanto de mercado como estruturais ou tecnol\u00f3gicos, relativos \u00e0 empresa, quando n\u00e3o \u00e9 aplic\u00e1vel o despedimento coletivo (pode corresponder a um \u00fanico posto de trabalho e a um trabalhador).<\/li>\n<li><strong>Despedimento por inadapta\u00e7\u00e3o<\/strong>, quando se verifique a inadapta\u00e7\u00e3o superveniente do trabalhador ao posto de trabalho e, pelo modo de exerc\u00edcio das suas fun\u00e7\u00f5es, o trabalhador torne praticamente imposs\u00edvel a subsist\u00eancia da rela\u00e7\u00e3o de trabalho.<\/li>\n<\/ul>\n<p>O trabalhador pode requerer a suspens\u00e3o preventiva do despedimento, no prazo de 5 dias \u00fateis a contar da data de rece\u00e7\u00e3o da comunica\u00e7\u00e3o de despedimento, mediante provid\u00eancia cautelar.<\/p>\n<\/p>\n<p><strong><u>Hiperliga\u00e7\u00f5es:<\/u><\/strong><\/p>\n<div class=\"ecl-table-responsive\">\n<table class=\"ecl-table\">\n<tbody class=\"ecl-table__body\">\n<tr class=\"ecl-table__row\">\n<td><strong>Nome<\/strong><\/td>\n<td><strong>URL<\/strong><\/td>\n<\/tr>\n<tr class=\"ecl-table__row\">\n<td>ACT &#8211; Autoridade para as Condi\u00e7\u00f5es do Trabalho<\/td>\n<td><a class=\"ecl-link--icon ecl-link--icon-after\" href=\"https:\/\/www.act.gov.pt\">https:\/\/www.act.gov.pt<\/a><\/td>\n<\/tr>\n<\/tbody>\n<\/table>\n<\/div>\n<\/div><\/p>\n\t\t\t\t\t\t<\/div>\n\t\t\t\t<\/div>\n\t\t\t\t\t<\/div>\n\t\t\t\t<\/div>\n\t\t\t\t<\/div>\n\t\t<\/div>\n\t\t\n\t\t\t\n\t\t\n\t\t\t\n\t\t\n\t\t\t\n\t\t\n\t\t\t\n\t\t\n\t\t\t\n\t\t\n\t\t\t\n\t\t\n\t\t\t\n\t\t\n\t\t\t\n\t\t\n\t<\/div>\n\n<\/div>\n\t<\/div>\n\n\t\n<\/div>","protected":false},"excerpt":{"rendered":"<p>A Cessa\u00e7\u00e3o de fun\u00e7\u00f5es Category: Condiciones de trabajo en el Algarve O contrato de trabalho pode terminar por caducidade (nomeadamente no final do contrato a termo e nas situa\u00e7\u00f5es previstas na lei), por iniciativa do empregador ou por iniciativa do trabalhador, e ainda por m\u00fatuo acordo entre as partes. . Quando cessa o contrato de [&hellip;]<\/p>\n","protected":false},"author":1,"comment_status":"open","ping_status":"closed","template":"","meta":{"om_disable_all_campaigns":false,"inline_featured_image":false,"_monsterinsights_skip_tracking":false,"_monsterinsights_sitenote_active":false,"_monsterinsights_sitenote_note":"","_monsterinsights_sitenote_category":0,"cybocfi_hide_featured_image":"","_links_to":"","_links_to_target":""},"ufaq-category":[140],"ufaq-tag":[],"aioseo_notices":[],"_links":{"self":[{"href":"https:\/\/www.eures-andalucia-algarve.eu\/pt-pt\/wp-json\/wp\/v2\/ufaq\/14252"}],"collection":[{"href":"https:\/\/www.eures-andalucia-algarve.eu\/pt-pt\/wp-json\/wp\/v2\/ufaq"}],"about":[{"href":"https:\/\/www.eures-andalucia-algarve.eu\/pt-pt\/wp-json\/wp\/v2\/types\/ufaq"}],"author":[{"embeddable":true,"href":"https:\/\/www.eures-andalucia-algarve.eu\/pt-pt\/wp-json\/wp\/v2\/users\/1"}],"replies":[{"embeddable":true,"href":"https:\/\/www.eures-andalucia-algarve.eu\/pt-pt\/wp-json\/wp\/v2\/comments?post=14252"}],"version-history":[{"count":1,"href":"https:\/\/www.eures-andalucia-algarve.eu\/pt-pt\/wp-json\/wp\/v2\/ufaq\/14252\/revisions"}],"predecessor-version":[{"id":14253,"href":"https:\/\/www.eures-andalucia-algarve.eu\/pt-pt\/wp-json\/wp\/v2\/ufaq\/14252\/revisions\/14253"}],"wp:attachment":[{"href":"https:\/\/www.eures-andalucia-algarve.eu\/pt-pt\/wp-json\/wp\/v2\/media?parent=14252"}],"wp:term":[{"taxonomy":"ufaq-category","embeddable":true,"href":"https:\/\/www.eures-andalucia-algarve.eu\/pt-pt\/wp-json\/wp\/v2\/ufaq-category?post=14252"},{"taxonomy":"ufaq-tag","embeddable":true,"href":"https:\/\/www.eures-andalucia-algarve.eu\/pt-pt\/wp-json\/wp\/v2\/ufaq-tag?post=14252"}],"curies":[{"name":"wp","href":"https:\/\/api.w.org\/{rel}","templated":true}]}}

Cessação de funções

<div  class="ewd-ufaq-faq-list ewd-ufaq-page-type-distinct" id='ewd-ufaq-faq-list'>

	<input type='hidden' name='show_on_load' value='' id='ewd-ufaq-show-on-load' />
<input type='hidden' name='include_category' value='' id='ewd-ufaq-include-category' />
<input type='hidden' name='exclude_category' value='' id='ewd-ufaq-exclude-category' />
<input type='hidden' name='orderby' value='date' id='ewd-ufaq-orderby' />
<input type='hidden' name='order' value='desc' id='ewd-ufaq-order' />
<input type='hidden' name='post_count' value='-1' id='ewd-ufaq-post-count' />
<input type='hidden' name='current_url' value='/pt-pt/wp-json/wp/v2/ufaq/14252' id='ewd-ufaq-current-url' />
	
	
	<div class='ewd-ufaq-faqs'>

		<div  class="ewd-ufaq-faq-div ewd-ufaq-faq-column-count-one ewd-ufaq-faq-responsive-columns- ewd-ufaq-faq-display-style-default ewd-ufaq-can-be-toggled" id='ewd-ufaq-post-14252-712AFreHaF' data-post_id='14252'>

	<div class='ewd-ufaq-faq-title ewd-ufaq-faq-toggle'>
	
	<a class='ewd-ufaq-post-margin'  href='#'>

		<div class='ewd-ufaq-post-margin-symbol ewd-ufaq-'>
			<span >A</span>
		</div>

		<div class='ewd-ufaq-faq-title-text'>

			<h4>
				Cessação de funções			</h4>

		</div>

		<div class='ewd-ufaq-clear'></div>

	</a>
	
</div>
	
	<div class='ewd-ufaq-faq-body ' >

		
			<div class='ewd-ufaq-faq-categories'>
	
	Category:
	
		Condiciones de trabajo en el Algarve
	
</div>
		
			<div class='ewd-ufaq-post-margin ewd-ufaq-faq-post'>
			<div data-elementor-type="wp-post" data-elementor-id="14252" class="elementor elementor-14252 elementor-8078">
				<div class="elementor-element elementor-element-585ca813 e-flex e-con-boxed wpr-particle-no wpr-jarallax-no wpr-parallax-no wpr-sticky-section-no e-con e-parent" data-id="585ca813" data-element_type="container" data-settings="{&quot;content_width&quot;:&quot;boxed&quot;}" data-core-v316-plus="true">
					<div class="e-con-inner">
				<div class="elementor-element elementor-element-7051b586 elementor-widget elementor-widget-text-editor" data-id="7051b586" data-element_type="widget" data-widget_type="text-editor.default">
				<div class="elementor-widget-container">
							<div class="ecl">
<p>O contrato de trabalho pode terminar por caducidade (nomeadamente no final do contrato a termo e nas situações previstas na lei), por iniciativa do empregador ou por iniciativa do trabalhador, e ainda por mútuo acordo entre as partes. . Quando cessa o contrato de trabalho, o empregador é obrigado a entregar ao trabalhador um certificado de trabalho, indicando as datas de admissão e de saída e funções desempenhadas, bem como outros documentos destinados a fins oficiais, designadamente para a Segurança Social.</p>
</p>
<p><strong>Cessação por iniciativa do trabalhador:</strong> O trabalhador pode promover a resolução do contrato com justa causa com fundamento em falta culposa, por parte do empregador, de pagamento pontual da retribuição; falta culposa de condições de segurança, higiene e saúde no trabalho; lesão grave dos seus interesses patrimoniais; ou ofensas à sua integridade física, moral, à liberdade, honra e dignidade. O trabalhador pode denunciar o contrato, independentemente da existência de justa causa, mediante comunicação escrita ao empregador com a antecedência mínima de 30 ou 60 dias, conforme tenha, respetivamente, até 2 anos ou mais de 2 anos de antiguidade. Em caso de contrato a termo, a denúncia do contrato deve ser efetuada até 30 ou 15 dias, consoante a duração seja de pelo menos 6 meses ou inferior. Existem ainda prazos diferentes de aviso prévio, definidos em função do tipo de contrato de trabalho envolvido.</p>
</p>
<p><strong>Cessação por iniciativa do empregador:</strong></p>
<ul style="margin-left: 40px">
<li><strong>Despedimento por justa causa</strong>, em resultado de comportamento culposo do trabalhador, de acordo com as situações descritas na legislação do trabalho</li>
<li><strong>Despedimento coletivo</strong>: cessação de contratos de trabalho operada em simultâneo ou sucessivamente no período de 3 meses, abrangendo um conjunto de trabalhadores (pelo menos 2 a 5 trabalhadores, em função da dimensão da empresa), motivada por razões objetivas, designadamente o encerramento de uma ou várias secções ou redução de pessoal por motivos de mercado, estruturais ou tecnológicos.</li>
<li><strong>Despedimento por extinção do posto de trabalho</strong>, justificada por motivos económicos, tanto de mercado como estruturais ou tecnológicos, relativos à empresa, quando não é aplicável o despedimento coletivo (pode corresponder a um único posto de trabalho e a um trabalhador).</li>
<li><strong>Despedimento por inadaptação</strong>, quando se verifique a inadaptação superveniente do trabalhador ao posto de trabalho e, pelo modo de exercício das suas funções, o trabalhador torne praticamente impossível a subsistência da relação de trabalho.</li>
</ul>
<p>O trabalhador pode requerer a suspensão preventiva do despedimento, no prazo de 5 dias úteis a contar da data de receção da comunicação de despedimento, mediante providência cautelar.</p>
</p>
<p><strong><u>Hiperligações:</u></strong></p>
<div class="ecl-table-responsive">
<table class="ecl-table">
<tbody class="ecl-table__body">
<tr class="ecl-table__row">
<td><strong>Nome</strong></td>
<td><strong>URL</strong></td>
</tr>
<tr class="ecl-table__row">
<td>ACT &#8211; Autoridade para as Condições do Trabalho</td>
<td><a class="ecl-link--icon ecl-link--icon-after" href="https://www.act.gov.pt">https://www.act.gov.pt</a></td>
</tr>
</tbody>
</table>
</div>
</div></p>
						</div>
				</div>
					</div>
				</div>
				</div>
		</div>
		
			
		
			
		
			
		
			
		
			
		
			
		
			
		
			
		
	</div>

</div>
	</div>

	
</div>

<p>A Cessação de funções Category: Condiciones de trabajo en el Algarve O contrato de trabalho pode terminar por caducidade (nomeadamente no final do contrato a termo e nas situações previstas na lei), por iniciativa do empregador ou por iniciativa do trabalhador, e ainda por mútuo acordo entre as partes. . Quando cessa o contrato de [&hellip;]</p>
